{"id":340,"date":"2021-05-04T17:31:55","date_gmt":"2021-05-04T16:31:55","guid":{"rendered":"http:\/\/62.210.9.93\/2py\/?page_id=340"},"modified":"2021-05-04T17:31:57","modified_gmt":"2021-05-04T16:31:57","slug":"mentions-legales","status":"publish","type":"page","link":"https:\/\/www.2py.fr\/2py\/?page_id=340","title":{"rendered":"Mentions l\u00e9gales"},"content":{"rendered":"\n<p>L\u2019inscription et la visite de ce site internet<em> <\/em>est un traitement de donn\u00e9es personnelles g\u00e9r\u00e9 par la soci\u00e9t\u00e9 2PY.<\/p>\n\n\n\n<p><strong>Objet du traitement de donn\u00e9es<\/strong><\/p>\n\n\n\n<p><strong>Finalit\u00e9s<\/strong><\/p>\n\n\n\n<p>Le traitement a pour objet de <strong>g\u00e9rer les services propos\u00e9s aux personnes (utilisateurs) souhaitant visiter ou s\u2019inscrire sur ce site pour disposer des services propos\u00e9s.<\/strong><\/p>\n\n\n\n<p>Il permet \u00e0 2PY :<\/p>\n\n\n\n<ul><li>d\u2019assurer l\u2019inscription et l\u2019authentification des utilisateurs<\/li><li>de suivre la progression et l\u2019acheminement de vos achats et vous d\u00e9livre une facture de validation.<\/li><li>de mettre \u00e0 disposition des utilisateurs un espace commentaire et d\u2019en assurer le bon fonctionnement<\/li><li>de communiquer avec les utilisateurs&nbsp;<\/li><li>de produire des statistiques sur l\u2019utilisation du service<\/li><\/ul>\n\n\n\n<p><\/p>\n\n\n\n<p><strong>Base l\u00e9gale<\/strong><\/p>\n\n\n\n<p><a href=\"https:\/\/www.cnil.fr\/fr\/reglement-europeen-protection-donnees\/chapitre2#Article6\">Article 6<\/a> (1) e du r\u00e8glement g\u00e9n\u00e9ral sur la protection des donn\u00e9es &#8211; RGPD<\/p>\n\n\n\n<p>Ce traitement de donn\u00e9es rel\u00e8ve de l&rsquo;exercice de l&rsquo;autorit\u00e9 publique dont est investie la CNIL en application du r\u00e8glement g\u00e9n\u00e9ral sur la protection des donn\u00e9es et de la loi Informatique et Libert\u00e9s modifi\u00e9e.<\/p>\n\n\n\n<p><strong>Donn\u00e9es trait\u00e9es<\/strong><\/p>\n\n\n\n<p><strong>Cat\u00e9gorie de donn\u00e9es trait\u00e9es<\/strong><\/p>\n\n\n\n<ul><li>Donn\u00e9es d\u2019identification des utilisateurs (Nom, Pr\u00e9nom, identifiant, mot de passe, adresse \u00e9lectronique, adresse postale, num\u00e9ro de t\u00e9l\u00e9phone)<\/li><li>Donn\u00e9e d\u2019utilisation du service (adresse IP; navigateur utilis\u00e9; syst\u00e8me d\u2019exploitation; dates et horaires)<\/li><li>Echange entre 2PY et les utilisateurs<\/li><li>Commentaire publi\u00e9 dans l\u2019espace r\u00e9serv\u00e9 \u00e0 cet effet<\/li><\/ul>\n\n\n\n<p><strong>Source des donn\u00e9es<\/strong><\/p>\n\n\n\n<p>Ces informations sont recueillies aupr\u00e8s de l\u2019utilisateur du site internet <em>2PY.<\/em><\/p>\n\n\n\n<p><strong>Caract\u00e8re obligatoire du du recueil des donn\u00e9es<\/strong><\/p>\n\n\n\n<p>Le site <em>2py <\/em>pr\u00e9voit le recueil obligatoire de donn\u00e9es qui sont n\u00e9cessaires \u00e0 la gestion de ce service.<\/p>\n\n\n\n<p><strong>Prise de d\u00e9cision automatis\u00e9e<\/strong><\/p>\n\n\n\n<p>Le traitement ne pr\u00e9voit pas de <a href=\"https:\/\/www.cnil.fr\/fr\/reglement-europeen-protection-donnees\/chapitre3#Article22\">prise de d\u00e9cision automatis\u00e9e<\/a>.<\/p>\n\n\n\n<p><strong>Personnes concern\u00e9es<\/strong><\/p>\n\n\n\n<p>Le traitement de donn\u00e9es concerne :<\/p>\n\n\n\n<ul><li>les personnes qui visitent le site<\/li><li>les personnes qui souhaitent s\u2019inscrire sur ce site<\/li><li>le DPO en charge de la maintenance du site et du fonctionnement de la base de donn\u00e9e<\/li><\/ul>\n\n\n\n<p><strong>Destinataires des donn\u00e9es<\/strong><\/p>\n\n\n\n<p><strong>Cat\u00e9gories de destinataires<\/strong><\/p>\n\n\n\n<p>En fonction de leurs besoins respectifs, sont destinataires du tout ou partie des donn\u00e9es les employ\u00e9s en charge de la gestion du site internet.<\/p>\n\n\n\n<p><strong>Transfert des donn\u00e9es hors UE<\/strong><\/p>\n\n\n\n<p>Aucun transfert de donn\u00e9es hors de l\u2019Union europ\u00e9enne n\u2019est r\u00e9alis\u00e9.<\/p>\n\n\n\n<p><strong>Dur\u00e9e de conservation des donn\u00e9es<\/strong><\/p>\n\n\n\n<p>Le service est propos\u00e9 jusqu\u2019en Juillet 2021. Les donn\u00e9es \u00e0 caract\u00e8re personnel collect\u00e9es sont conserv\u00e9es au plus tard 1 an \u00e0 la cl\u00f4ture du service par l\u2019A.P.M.L, soit jusqu\u2019en Juillet 2022.<\/p>\n\n\n\n<p><strong>S\u00e9curit\u00e9<\/strong><\/p>\n\n\n\n<p>Les mesures de s\u00e9curit\u00e9 sont mises en \u0153uvre conform\u00e9ment \u00e0 la politique de s\u00e9curit\u00e9 des syst\u00e8mes d\u2019information (PSSI) de la CNIL, issue de la PSSI de l&rsquo;\u00c9tat.<\/p>\n\n\n\n<p><strong>Vos droits sur les donn\u00e9es vous concernant<\/strong><\/p>\n\n\n\n<p>Vous pouvez acc\u00e9der et obtenir une copie des donn\u00e9es vous concernant, vous opposer au traitement de ces donn\u00e9es, les faire rectifier ou les faire effacer. Vous disposez \u00e9galement d\u2019un droit \u00e0 la limitation du traitement de vos donn\u00e9es.<\/p>\n\n\n\n<p><strong>Exercer ses droits<\/strong><\/p>\n\n\n\n<p>Le d\u00e9l\u00e9gu\u00e9 \u00e0 la protection des donn\u00e9es (DPO) de la CNIL est votre interlocuteur pour toute demande d&rsquo;exercice de vos droits sur ce traitement.<\/p>\n\n\n\n<ul><li>Contacter le DPO par voie \u00e9lectronique<\/li><li>Contacter le DPO par courrier postal :<\/li><\/ul>\n\n\n\n<p>D\u00e9l\u00e9gu\u00e9 \u00e0 la protection des donn\u00e9es, 2PY<\/p>\n\n\n\n<p>60 rue Fr\u00e9d\u00e9ric Cl\u00e9ment, 92380, Garches<\/p>\n\n\n\n<p><strong>R\u00e9clamation (plainte) aupr\u00e8s de la CNIL<\/strong><\/p>\n\n\n\n<p>Si vous estimez, apr\u00e8s nous avoir contact\u00e9s, que vos droits sur vos donn\u00e9es ne sont pas respect\u00e9s, vous pouvez adresser une r\u00e9clamation (plainte) \u00e0 la CNIL.<\/p>\n","protected":false},"excerpt":{"rendered":"<p>L\u2019inscription et la visite de ce site internet est un traitement de donn\u00e9es personnelles g\u00e9r\u00e9 par la soci\u00e9t\u00e9 2PY. Objet du traitement de donn\u00e9es Finalit\u00e9s Le traitement a pour objet de g\u00e9rer les services propos\u00e9s aux personnes (utilisateurs) souhaitant visiter ou s\u2019inscrire sur ce site pour disposer des services propos\u00e9s. Il permet \u00e0 2PY : &hellip; <\/p>\n<p><a class=\"more-link btn\" href=\"https:\/\/www.2py.fr\/2py\/?page_id=340\">Lire la suite<\/a><\/p>\n","protected":false},"author":2,"featured_media":0,"parent":0,"menu_order":0,"comment_status":"closed","ping_status":"closed","template":"","meta":[],"_links":{"self":[{"href":"https:\/\/www.2py.fr\/2py\/index.php?rest_route=\/wp\/v2\/pages\/340"}],"collection":[{"href":"https:\/\/www.2py.fr\/2py\/index.php?rest_route=\/wp\/v2\/pages"}],"about":[{"href":"https:\/\/www.2py.fr\/2py\/index.php?rest_route=\/wp\/v2\/types\/page"}],"author":[{"embeddable":true,"href":"https:\/\/www.2py.fr\/2py\/index.php?rest_route=\/wp\/v2\/users\/2"}],"replies":[{"embeddable":true,"href":"https:\/\/www.2py.fr\/2py\/index.php?rest_route=%2Fwp%2Fv2%2Fcomments&post=340"}],"version-history":[{"count":1,"href":"https:\/\/www.2py.fr\/2py\/index.php?rest_route=\/wp\/v2\/pages\/340\/revisions"}],"predecessor-version":[{"id":341,"href":"https:\/\/www.2py.fr\/2py\/index.php?rest_route=\/wp\/v2\/pages\/340\/revisions\/341"}],"wp:attachment":[{"href":"https:\/\/www.2py.fr\/2py\/index.php?rest_route=%2Fwp%2Fv2%2Fmedia&parent=340"}],"curies":[{"name":"wp","href":"https:\/\/api.w.org\/{rel}","templated":true}]}}