{"id":130,"date":"2014-10-07T10:37:19","date_gmt":"2014-10-07T09:37:19","guid":{"rendered":"http:\/\/www.2py.fr\/2py\/?page_id=130"},"modified":"2021-06-26T19:58:03","modified_gmt":"2021-06-26T18:58:03","slug":"indexation","status":"publish","type":"page","link":"https:\/\/www.2py.fr\/2py\/?page_id=130","title":{"rendered":"INDEXATION"},"content":{"rendered":"<h1>L&rsquo;indexation des documents<\/h1>\n<p>Au sens large, l&rsquo;indexation comprend:<\/p>\n<ul>\n<li>Des donn\u00e9es descriptives de type de document par exemple \u00ab\u00a0facture fournisseur\u00a0\u00bb \/ \u00ab\u00a0Bulletin de paie\u00a0\u00bb<a href=\"https:\/\/www.2py.fr\/2py\/wp-content\/uploads\/2014\/10\/IMG_3082.jpg\"><img decoding=\"async\" loading=\"lazy\" class=\"alignright wp-image-135 size-full\" src=\"https:\/\/www.2py.fr\/2py\/wp-content\/uploads\/2014\/10\/IMG_3082.jpg\" alt=\"IMG_3082\" width=\"300\" height=\"383\" \/><\/a><\/li>\n<li>Des donn\u00e9es extraites du document : par exemple, pour une facture, nom du fournisseur \/ date \/ montant HT \/ taux de TVA \/ r\u00e9f\u00e9rence commande \/ montant TVA \/ montant TTC \/ modalit\u00e9s de paiement<\/li>\n<li>Des m\u00e9ta-donn\u00e9es : date de cr\u00e9ation, auteur, &#8230; et des donn\u00e9es sp\u00e9cifiques \u00e0 la num\u00e9risation par scanner (par exemple celles n\u00e9cessaires au respect de la norme Z42-013)<\/li>\n<\/ul>\n<p>Plus l&rsquo;indexation est d\u00e9taill\u00e9e, plus l&rsquo;exploitation du document est facilit\u00e9e : recherche, consultation, workflow. Ainsi, Une facture fournisseur \u00ab\u00a0totalement\u00a0\u00bb index\u00e9e permet la g\u00e9n\u00e9ration automatique des \u00e9critures comptables correspondantes gr\u00e2ce \u00e0 la passerelle ad&rsquo; hoc avec le logiciel de comptabilit\u00e9.<\/p>\n<p>Toutefois, l&rsquo;indexation n&rsquo;est pas toujours facile; c&rsquo;est-\u00e0-dire pas toujours \u00ab\u00a0automatique\u00a0\u00bb. Il s&rsquo;agit donc d&rsquo;atteindre le meilleur compromis en fonction des utilisations cibles: moyens d&rsquo;indexation \/ d\u00e9tails d&rsquo;indexation.<\/p>\n<p><b>Les moyens d&rsquo;indexation des documents \u00ab\u00a0papier\u00a0\u00bb num\u00e9ris\u00e9s<\/b> entrent dans deux grandes cat\u00e9gories :<\/p>\n<ul>\n<li>Moyens \u00ab\u00a0automatiques\u00a0\u00bb ou \u00ab\u00a0semi-automatiques\u00a0\u00bb<\/li>\n<li>Vid\u00e9ocodage<\/li>\n<\/ul>\n<p>Les moyens automatiques : LAD \/ RAD pour la reconnaissance et la lecture automatique de documents, applicables aux documents de formats structur\u00e9s ou semi-structur\u00e9s (composition des pages, pr\u00e9sence et localisation d&rsquo;un logo, &#8230;)<\/p>\n<p>Les moyens semi-automatiques : ROC par traitement de blocs de texte (alphanum\u00e9rique) et recherche de cha\u00eenes de caract\u00e8res. L&rsquo;application d&rsquo;un outil de ROC exige une num\u00e9risation de qualit\u00e9 (300 dpi)<\/p>\n<p>Les moyens manuels de vid\u00e9ocodage : capture des informations pertinentes par un op\u00e9rateur. L&rsquo;op\u00e9ration est souvent assist\u00e9e par des saisies sur choix multiples et des contr\u00f4les de coh\u00e9rence.<\/p>\n<p><b>L&rsquo;indexation des documents nativement \u00e9lectroniques<\/b> (fichiers bureautiques) est facilit\u00e9e par la \u00ab\u00a0lecture\u00a0\u00bb directe des m\u00e9ta-donn\u00e9es du document et de son contenu.<\/p>\n<p>La typologie de formats de documents et les modes d&rsquo;exploitations cibles guident le choix des outils pour atteindre le compromis optimum.<\/p>\n<p><strong>2PY<\/strong> capitalise sur une grande vari\u00e9t\u00e9 d&rsquo;exp\u00e9riences en tant que prestataire de services de num\u00e9risation et d&rsquo;indexation pour proposer la solution qui convient le mieux au contexte du client.<\/p>\n","protected":false},"excerpt":{"rendered":"<p>L&rsquo;indexation des documents Au sens large, l&rsquo;indexation comprend: Des donn\u00e9es descriptives de type de document par exemple \u00ab\u00a0facture fournisseur\u00a0\u00bb \/ \u00ab\u00a0Bulletin de paie\u00a0\u00bb Des donn\u00e9es extraites du document : par exemple, pour une facture, nom du fournisseur \/ date \/ montant HT \/ taux de TVA \/ r\u00e9f\u00e9rence commande \/ montant TVA \/ montant TTC &hellip; <\/p>\n<p><a class=\"more-link btn\" href=\"https:\/\/www.2py.fr\/2py\/?page_id=130\">Lire la suite<\/a><\/p>\n","protected":false},"author":2,"featured_media":0,"parent":112,"menu_order":4,"comment_status":"open","ping_status":"closed","template":"","meta":[],"_links":{"self":[{"href":"https:\/\/www.2py.fr\/2py\/index.php?rest_route=\/wp\/v2\/pages\/130"}],"collection":[{"href":"https:\/\/www.2py.fr\/2py\/index.php?rest_route=\/wp\/v2\/pages"}],"about":[{"href":"https:\/\/www.2py.fr\/2py\/index.php?rest_route=\/wp\/v2\/types\/page"}],"author":[{"embeddable":true,"href":"https:\/\/www.2py.fr\/2py\/index.php?rest_route=\/wp\/v2\/users\/2"}],"replies":[{"embeddable":true,"href":"https:\/\/www.2py.fr\/2py\/index.php?rest_route=%2Fwp%2Fv2%2Fcomments&post=130"}],"version-history":[{"count":6,"href":"https:\/\/www.2py.fr\/2py\/index.php?rest_route=\/wp\/v2\/pages\/130\/revisions"}],"predecessor-version":[{"id":833,"href":"https:\/\/www.2py.fr\/2py\/index.php?rest_route=\/wp\/v2\/pages\/130\/revisions\/833"}],"up":[{"embeddable":true,"href":"https:\/\/www.2py.fr\/2py\/index.php?rest_route=\/wp\/v2\/pages\/112"}],"wp:attachment":[{"href":"https:\/\/www.2py.fr\/2py\/index.php?rest_route=%2Fwp%2Fv2%2Fmedia&parent=130"}],"curies":[{"name":"wp","href":"https:\/\/api.w.org\/{rel}","templated":true}]}}